{"id":2,"date":"2018-08-01T18:09:01","date_gmt":"2018-08-01T21:09:01","guid":{"rendered":"http:\/\/www.saltacapital.com.ar\/salta\/?page_id=2"},"modified":"2022-04-24T21:59:46","modified_gmt":"2022-04-25T00:59:46","slug":"inicio","status":"publish","type":"page","link":"https:\/\/www.saltacapital.com.ar\/salta\/inicio\/","title":{"rendered":"Inicio"},"content":{"rendered":"<ul>\n<li><span style=\"color: #000000;\"><strong>INVERSIONES Inmobiliarias<\/strong>: COMPRAMOS propiedades con problemas de papeles y\/\u00f3 jur\u00eddicos en todo el pa\u00eds.<\/span><\/li>\n<li><span style=\"color: #000000;\"><strong>DESARROLLOS Inmobiliarios<\/strong>: La manera de <strong>capitalizar<\/strong> sus <strong>ahorros<\/strong>. <\/span><\/li>\n<\/ul>\n<p><span style=\"color: #000000;\"><strong>Cont\u00e1ctenos<\/strong> y haremos buenos negocios.<\/span><\/p>\n<blockquote><p><span style=\"color: #000000;\"><strong>IDEAL PARA VIVIR E INVERTIR<\/strong><\/span><\/p>\n<p><span style=\"color: #000000;\">Tenemos departamentos a entregar en los pr\u00f3ximos meses y tambi\u00e9n en pozo, en formaci\u00f3n de fideicomiso, <\/span><span style=\"color: #000000;\">ideal para entrar a <strong>precio<\/strong> de <strong>preventa<\/strong> con importantes <strong>descuentos<\/strong>.<\/span><\/p><\/blockquote>\n<p><span style=\"color: #000000;\">Env\u00edenos un mail \/ celular, para ponernos en contactos.<\/span><\/p>\n<p><span style=\"color: #000000;\"><strong>salta@saltacapital.com.ar<\/strong><\/span><\/p>\n","protected":false},"excerpt":{"rendered":"<p>INVERSIONES Inmobiliarias: COMPRAMOS propiedades con problemas de papeles y\/\u00f3 jur\u00eddicos en todo el pa\u00eds. DESARROLLOS Inmobiliarios: La manera de capitalizar sus ahorros. Cont\u00e1ctenos y haremos buenos negocios. IDEAL PARA VIVIR E INVERTIR Tenemos departamentos a entregar en los pr\u00f3ximos meses y tambi\u00e9n en pozo, en formaci\u00f3n de fideicomiso, ideal para entrar a precio de preventa&hellip; <br \/> <a class=\"read-more\" href=\"https:\/\/www.saltacapital.com.ar\/salta\/inicio\/\">Leer m\u00e1s<\/a><\/p>\n","protected":false},"author":1,"featured_media":0,"parent":0,"menu_order":0,"comment_status":"closed","ping_status":"closed","template":"","meta":{"footnotes":""},"class_list":["post-2","page","type-page","status-publish","hentry"],"_links":{"self":[{"href":"https:\/\/www.saltacapital.com.ar\/salta\/wp-json\/wp\/v2\/pages\/2","targetHints":{"allow":["GET"]}}],"collection":[{"href":"https:\/\/www.saltacapital.com.ar\/salta\/wp-json\/wp\/v2\/pages"}],"about":[{"href":"https:\/\/www.saltacapital.com.ar\/salta\/wp-json\/wp\/v2\/types\/page"}],"author":[{"embeddable":true,"href":"https:\/\/www.saltacapital.com.ar\/salta\/wp-json\/wp\/v2\/users\/1"}],"replies":[{"embeddable":true,"href":"https:\/\/www.saltacapital.com.ar\/salta\/wp-json\/wp\/v2\/comments?post=2"}],"version-history":[{"count":14,"href":"https:\/\/www.saltacapital.com.ar\/salta\/wp-json\/wp\/v2\/pages\/2\/revisions"}],"predecessor-version":[{"id":228,"href":"https:\/\/www.saltacapital.com.ar\/salta\/wp-json\/wp\/v2\/pages\/2\/revisions\/228"}],"wp:attachment":[{"href":"https:\/\/www.saltacapital.com.ar\/salta\/wp-json\/wp\/v2\/media?parent=2"}],"curies":[{"name":"wp","href":"https:\/\/api.w.org\/{rel}","templated":true}]}}